s digit of n?
5
Suppose 0*r - 5*r - 20 = 0. Let y(q) = q**3 + 6*q**2 + 6*q + 1. Let s be y(r). What is the tens digit of -8*s/4*-1?
1
Let x be -1*((-9)/(-3) - 3). Suppose -r - 745 = -5*b, 5*r + x*r + 149 = b. Suppose 4*w - b = 71. What is the units digit of w?
5
Let a(z) = -4*z + 40. Let s(j) = -j + 8. Let v = 13 - 9. Let m(x) = v*a(x) - 22*s(x). What is the units digit of m(12)?
6
Suppose 3*p - 5 = v, -3*v = p + v + 7. Let c be ((-25)/(-10))/(p/26). Suppose 0*o - c = -5*o. What is the units digit of o?
3
Let n(a) = -29*a - 9. Let s(m) = -m**3 - 5*m**2 + 9*m + 12. Let h be s(-6). What is the tens digit of n(h)?
6
Suppose 15 = -3*z + 8*z. Suppose 4 = z*i - 2. Suppose -i*h - 41 - 20 = -x, -5*h = 3*x - 139. What is the tens digit of x?
5
Suppose 0 = -17*h + 15*h - 34. Let k = h - -21. What is the units digit of ((-108)/(-90))/(k/10)?
3
Let b be 3/((9/6)/1). Suppose l + b = 10. What is the units digit of -18*(l/6)/(-4)?
6
Suppose 0 = -2*s - 10 + 4. Let k(z) = -2*z**3 + 4*z**2 + 7*z + 9. What is the units digit of k(s)?
8
Suppose 4*r - 8*r + 3*f + 1577 = 0, 0 = 3*r - 4*f - 1188. What is the hundreds digit of r?
3
Let z = -2 + 6. Suppose 0 = z*l + 2*c - 8, 0 = -0*c + 5*c. Suppose -68 = -2*f - l*f. What is the units digit of f?
7
What is the hundreds digit of (150/9)/((160/(-1032))/(-20))?
1
Let t = 25 + -33. Let q(k) = -k**3 - 5*k**2 + 11*k - 5. What is the units digit of q(t)?
9
Suppose 0 = -31*z + 28*z + 333. What is the units digit of z?
1
Let c = -14 + 17. Suppose 300 = c*f + f. What is the units digit of f?
5
Let u(a) = 5*a**2 - 21*a - 2. Let z(r) = 6*r**2 - 22*r - 3. Let c(m) = 7*u(m) - 6*z(m). Let h be c(-10). Suppose 53*b - h = 50*b. What is the units digit of b?
8
Suppose -16*z + 11*z + 15 = 0. Suppose -30 = -z*g + 2*g + 3*k, 5*g + k = 150. What is the tens digit of g?
3
Let n be (15/12)/((-5)/(-20)). What is the tens digit of 25 + -4*n/(-20)?
2
Let b(x) = 2*x + 13. Let w(y) = 1. Let r(o) = -b(o) - 2*w(o). Let k be r(0). What is the units digit of (k/4)/(3/(-20))?
5
Suppose -4*f = -c - 37, -131 = -2*c + 6*c + f. Let x = 33 + c. Suppose x*k + k - 68 = 0. What is the units digit of k?
8
Let b(k) = 238*k**3 - k**2 - 13*k + 25. What is the units digit of b(2)?
9
Let l be 1/1 - (1 - -46). Let b = 67 + l. What is the tens digit of b?
2
Let z(o) = -o**2 - 8*o + 20. Let r be z(-9). Suppose 0 = -r*s - s + 2640. What is the hundreds digit of s?
2
Let z be 272/153 - 4/(-18). Suppose -72 + 180 = z*l. What is the units digit of l?
4
Let g(p) = -p + 1. Let x be g(11). What is the tens digit of ((-95)/x)/((-2)/(-4))?
1
Let p(u) = -20*u**3 - 9*u**2 + 4*u + 2. What is the units digit of p(-4)?
2
Suppose -5*l + 236 = -14. Suppose f + l = 3*f. What is the units digit of f?
5
Suppose -7*u - 1560 + 314 = 0. What is the tens digit of u/(-4)*(7 - 5)?
8
Suppose 4*a = 2*i - 512 - 1206, -4*i + 4*a + 3456 = 0. What is the tens digit of i?
6
Let x = -752 + 1073. What is the hundreds digit of x?
3
Let r = 37 - 33. Let x(t) = -t**3 + 2*t**2 + 7*t + 9. What is the units digit of x(r)?
5
Suppose -7*t = -5*t - v - 4435, 0 = -4*t - 3*v + 8855. What is the units digit of t?
6
Let z = 57 + -53. What is the units digit of z?
4
Let z(q) = 1349*q**2 + 22*q - 37. What is the thousands digit of z(2)?
5
Suppose -2*m - 6 = 0, m + 51 + 76 = 4*y. Suppose -2*s - 10 = q, 2*s + 3*s = -q - y. Let a(p) = -p - 5. What is the units digit of a(s)?
2
Let h be ((-18)/4)/((-9)/240). Suppose r = 6*r + h. Let l = r - -32. What is the units digit of l?
8
Suppose 0 = -5*a - z - 2*z + 710, -4*a - 3*z + 568 = 0. What is the tens digit of a?
4
Let p = 14 + 2. Suppose 3080 = 6*b + p*b. What is the tens digit of b?
4
Let r(v) = 17*v - 3. Let p be r(2). Suppose 0 = 3*m - 39 - 12. Let h = p - m. What is the units digit of h?
4
Suppose 0 = -4*h - 3 - 25. Let v(l) = -4*l + 11. What is the units digit of v(h)?
9
Let c(b) = 2*b - 11. Let v be c(8). Let i be (-3)/(-12)*-2*2. What is the units digit of 5/v + (i - -4)?
4
What is the hundreds digit of (1236/(-20))/(12/(-60))?
3
Let r(b) be the first derivative of -5*b**2 - 9*b - 14. What is the units digit of r(-5)?
1
Suppose -2*f - 47 = -4*x + 27, 58 = 3*x - 4*f. Let i = 20 - x. Suppose 9 = -3*h - 5*w - 1, i*h + 2*w = 0. What is the units digit of h?
5
Let v be 5*-1*3/5. Let h(s) = -24*s + 3. What is the tens digit of h(v)?
7
Let a(y) = 46*y**3 + y. Let w be a(3). Suppose -4*p - o - 1265 = -9*p, 5*p + 3*o = w. Suppose 2*x - p = -4*x. What is the units digit of x?
2
Suppose 18*z + 1270 = 23*z. What is the units digit of z?
4
Suppose -5*d - q = -3*q - 3101, 3*d - 1871 = -4*q. Suppose 16*k = 13*k + d. Suppose -l - 2 = 0, -3*a + l = 2*a - k. What is the units digit of a?
1
Let q = 13 + -15. Let l be 2 + 2/q + 4. What is the units digit of 160/12*12/l?
2
Suppose -6 = -15*s + 12*s. What is the units digit of (-5 - 486/10)/(s/(-5))?
4
Let v(x) = x**2 + 4*x - 3*x - 2*x - 3 + 0*x. Let c be v(0). What is the units digit of (14/(-4))/(c/6)?
7
Let x = 23 + -23. Suppose x = 3*j - 5*j + 6. Suppose -101 = -j*s + 82. What is the tens digit of s?
6
Suppose -5*n = -z + 3227, -4*z + 312*n = 311*n - 12908. What is the tens digit of z?
2
Suppose -5*i - 2*k + 275 = 0, 4*i + k + 0*k = 220. Suppose 3*t + i = 139. What is the tens digit of t?
2
Let b be 18/12*(-16)/6. Let y = b + 21. What is the tens digit of y?
1
Let b be 3/4 + (-940)/16. Let x = -28 - b. What is the units digit of x?
0
Let s = 1870 + -1256. What is the tens digit of s?
1
Let d(k) = 3*k + 41. Let c be d(-13). Suppose 0 = -3*b + 2*i + 449, -3*i + 637 = 4*b + c*i. What is the hundreds digit of b?
1
Let d = -3 - -3. Suppose d = -4*p + 73 + 31. Suppose -9 = -i - 5*t - p, 50 = 5*i - 2*t. What is the units digit of i?
8
Let f(d) = -d**3 + 4*d**2 - 7*d + 13. Let x be f(3). What is the tens digit of x/(-5) - (-1612)/10?
6
Suppose 3*o = 2*j + 831, o - 64 = -3*j + 213. What is the tens digit of o?
7
What is the tens digit of ((-410)/(-3))/(2*15/45)?
0
Let q(m) = 2*m**2 - 15*m + 12. What is the units digit of q(7)?
5
Suppose 3*k - 4*x - 730 - 160 = 0, -3*k = -x - 884. What is the hundreds digit of k?
2
Suppose 0 = -2*k - j + 24, 0*k - 4*j - 4 = -2*k. Suppose -k = -3*t + t. Suppose 0*f - t*f + 15 = 0, -2*m - f = -39. What is the units digit of m?
8
Suppose -8*o - 30 = -11*o. Suppose o*v - 9*v - 5 = 0. Suppose -h = -2*c + 5, 0*h - 23 = -v*h - 2*c. What is the units digit of h?
3
Suppose -5*k - 738 = -d - k, 2*d + 2*k - 1526 = 0. What is the units digit of d?
8
Let o(y) = 2*y**3 + 3*y**2 - 2*y + 5. Let v be o(4). Suppose -600 = 5*b - 5*f, -f = -3*b + f - 355. Let d = v + b. What is the tens digit of d?
5
What is the units digit of (-14 - 2)/(13/(-338))?
6
Suppose 0 = 4*y + 5*x - 5093, -3828 = -3*y - 18*x + 17*x. What is the tens digit of y?
7
Let r(j) = -j**3 + 1. Let k be r(0). Suppose -k = -9*t + 10*t. What is the tens digit of t - -21*1 - -3?
2
What is the thousands digit of (2 - -12) + -10 - -3943?
3
Suppose 3*o + 4*g - 22 = 0, 0*o - 4*g + 20 = 2*o. Suppose 2*x - o*f - 122 = 0, -5*f - 106 - 31 = -2*x. What is the units digit of x?
6
Let h = -215 - -313. Suppose -b - h = 5*n, 3*b + 94 = -5*n - 0*b. What is the tens digit of (9/(-2))/(2/n)?
4
Let h(v) = -3*v + 5. Let j(c) = 16*c + 1 - 21 + 2 - 8. Let d(n) = 11*h(n) + 2*j(n). What is the units digit of d(-6)?
9
Let n(m) = -m - 22. Let w be n(-14). Let l(o) = o**3 + 8*o**2 - 4*o + 6. Let p be l(w). Let b = 12 + p. What is the tens digit of b?
5
Let f be 5/(25/38)*5. What is the tens digit of f/4 - (-13)/26?
1
Let m(s) = 1144*s**3 + s**2 + 2*s - 2. What is the tens digit of m(1)?
4
Let s(q) be the second derivative of q**5/10 - 23*q**4/6 + 11*q**3/6 - 10*q**2 - 37*q. What is the hundreds digit of s(23)?
2
Let k(r) = 66*r + 156. What is the hundreds digit of k(15)?
1
Let p(u) = 14*u + 33. What is the hundreds digit of p(40)?
5
Suppose 5*u - 1366 = -2*x, 6*x + 3*u - 683 = 5*x. What is the units digit of x?
3
Let f(j) = 3*j - 50 - 6*j + 69 + 2*j. Let p be (-2 - -3) + -3 - -9. What is the units digit of f(p)?
2
Let a = -915 + 2393. What is the tens digit of a?
7
Suppose 3*s = -12*s + 32655. What is the thousands digit of s?
2
Let x be 2/9 + 136/36 + -1. Suppose r = -x*r + 160. What is the tens digit of r?
4
Let t(r) = -171*r - 6 + 6*r**3 - 4*r**3 + 169*r. Let p be t(3). Suppose 2*d +